2 a multiple of 38?
True
Is 12 a factor of 464159?
False
Is 268 a factor of 23455092?
True
Is 10165638 a multiple of 1461?
True
Is 14 a factor of 2378001?
False
Does 386 divide 16456724?
True
Is 39400 a multiple of 197?
True
Is 9293926 a multiple of 53?
False
Does 182 divide 936572?
True
Is 72186 a multiple of 227?
True
Is 9275 a multiple of 2?
False
Does 16 divide 714033?
False
Is 5568 a multiple of 356?
False
Does 153 divide 20486336?
False
Is 49 a factor of 69482?
True
Does 17 divide 269518?
True
Does 150 divide 86400?
True
Does 56 divide 127008?
True
Is 39082 a multiple of 7?
False
Is 8528 a multiple of 41?
True
Is 34314 a multiple of 7?
True
Does 12 divide 2629272?
True
Does 144 divide 1950537?
False
Is 62323 a multiple of 20?
False
Is 4566375 a multiple of 99?
True
Is 489 a factor of 666996?
True
Is 15 a factor of 7140?
True
Is 10 a factor of 3188370?
True
Does 53 divide 96142?
True
Is 148 a factor of 1210492?
True
Is 3848501 a multiple of 15?
False
Is 19581074 a multiple of 1522?
False
Is 238470 a multiple of 30?
True
Does 18 divide 355644?
True
Is 20 a factor of 128440?
True
Is 315018 a multiple of 111?
True
Is 963756 a multiple of 342?
True
Is 87 a factor of 829632?
True
Does 209 divide 5395092?
False
Is 37 a factor of 451768?
False
Is 31 a factor of 855135?
True
Is 11751053 a multiple of 35?
False
Does 184 divide 574232?
False
Does 18 divide 11491812?
True
Is 5 a factor of 1510013?
False
Is 311144 a multiple of 2?
True
Is 145602 a multiple of 7?
False
Is 898394 a multiple of 14?
True
Is 441044 a multiple of 5?
False
Is 18 a factor of 2566836?
True
Does 321 divide 149586?
True
Is 2658 a multiple of 6?
True
Does 53 divide 1855848?
True
Is 41408 a multiple of 4?
True
Is 25 a factor of 718027?
False
Is 40640 a multiple of 23?
False
Is 10 a factor of 135120?
True
Is 13024 a multiple of 88?
True
Is 423250 a multiple of 189?
False
Does 88 divide 476080?
True
Is 69551 a multiple of 132?
False
Is 165 a factor of 2582788?
False
Does 27 divide 34029?
False
Does 15 divide 370409?
False
Is 5426578 a multiple of 20?
False
Is 12602490 a multiple of 317?
False
Is 236298 a multiple of 70?
False
Is 1024998 a multiple of 26?
True
Is 61 a factor of 1379546?
False
Is 48 a factor of 566536?
False
Is 3865536 a multiple of 27?
True
Is 285162 a multiple of 187?
False
Is 1952364 a multiple of 406?
False
Is 26 a factor of 584643?
False
Is 8 a factor of 648360?
True
Is 117 a factor of 3609014?
False
Does 4 divide 5582?
False
Is 16 a factor of 126537?
False
Is 27 a factor of 310311?
True
Does 28 divide 673885?
False
Is 3190571 a multiple of 344?
False
Does 19 divide 766500?
False
Is 163026 a multiple of 54?
True
Is 453118 a multiple of 17?
True
Is 249 a factor of 89842?
False
Is 524 a factor of 606660?
False
Is 81 a factor of 1132623?
True
Is 191386 a multiple of 442?
True
Is 1165 a factor of 15233540?
True
Does 9 divide 15633364?
False
Is 1702779 a multiple of 39?
True
Is 26 a factor of 27262?
False
Is 38 a factor of 5066476?
False
Does 6 divide 1900?
False
Is 367292 a multiple of 15?
False
Is 1258244 a multiple of 15?
False
Is 8 a factor of 163832?
True
Does 15 divide 9129691?
False
Is 60 a factor of 249492?
False
Is 22 a factor of 163314?
False
Is 25220 a multiple of 13?
True
Is 122 a factor of 276862?
False
Is 3380040 a multiple of 45?
True
Does 60 divide 234900?
True
Does 42 divide 8985149?
False
Is 31 a factor of 57451?
False
Is 12183661 a multiple of 148?
False
Is 151034 a multiple of 74?
True
Does 91 divide 63154?
True
Does 27 divide 12312?
True
Is 29900 a multiple of 230?
True
Is 15 a factor of 10958093?
False
Is 7 a factor of 299334?
True
Is 76 a factor of 2508292?
False
Is 417229 a multiple of 63?
False
Does 33 divide 5822520?
True
Is 104592 a multiple of 4?
True
Is 57 a factor of 5010471?
True
Is 18 a factor of 1639419?
False
Is 168713 a multiple of 6?
False
Does 937 divide 2701933?
False
Does 89 divide 216656?
False
Is 49616 a multiple of 8?
True
Is 319658 a multiple of 577?
True
Does 116 divide 201027?
False
Does 226 divide 68421?
False
Is 1810 a factor of 5448494?
False
Is 823160 a multiple of 65?
True
Does 13 divide 16379?
False
Is 79 a factor of 51982?
True
Does 46 divide 193266?
False
Is 13 a factor of 31499?
True
Does 15 divide 310746?
False
Does 2 divide 423338?
True
Is 82800 a multiple of 121?
False
Does 208 divide 6199539?
False
Is 13 a factor of 3973255?
True
Does 4 divide 422365?
False
Is 5 a factor of 120188?
False
Does 276 divide 23338284?
True
Does 932 divide 170351?
False
Does 45 divide 2486115?
True
Does 802 divide 6237301?
False
Does 45 divide 4935510?
True
Does 29 divide 3253?
False
Does 14 divide 505778?
True
Is 279359 a multiple of 253?
False
Does 128 divide 45681?
False
Is 3131065 a multiple of 7?
True
Is 3211190 a multiple of 15?
False
Does 11 divide 1239832?
True
Is 90016 a multiple of 97?
True
Is 2 a factor of 279?
False
Is 9 a factor of 877428?
True
Does 37 divide 912870?
False
Does 35 divide 119867?
False
Is 8409204 a multiple of 1584?
False
Does 18 divide 116784?
True
Does 110 divide 21230?
True
Is 1444408 a multiple of 170?
False
Is 14823 a multiple of 243?
True
Does 13 divide 106140?
False
Is 42 a factor of 636027?
False
Is 610596 a multiple of 252?
True
Does 125 divide 561500?
True
Is 610 a factor of 931278?
False
Is 697 a factor of 584783?
True
Does 110 divide 2589290?
True
Is 331284 a multiple of 228?
True
Is 4270905 a multiple of 945?
False
Is 203 a factor of 121597?
True
Is 14449170 a multiple of 73?
False
Does 33 divide 8514396?
True
Is 223 a factor of 3742386?
True
Is 4480112 a multiple of 91?
True
Is 22 a factor of 104182?
False
Is 32 a factor of 1030016?
True
Is 4 a factor of 1691648?
True
Is 86995 a multiple of 5?
True
Does 52 divide 97542?
False
Does 50 divide 891278?
False
Is 125955 a multiple of 135?
True
Is 59 a factor of 11037011?
False
Is 7173430 a multiple of 5?
True
Does 78 divide 1165879?
False
Does 11 divide 265375?
True
Does 212 divide 34519324?
True
Is 39 a factor of 481455?
True
Is 38434 a multiple of 10?
False
Is 605635 a multiple of 753?
False
Does 22 divide 672584?
True
Is 6 a factor of 1785904?
False
Is 28 a factor of 3568457?
False
Is 7749000 a multiple of 35?
True
Is 102 a factor of 39687?
False
Is 16 a factor of 145696?
True
Is 9980352 a multiple of 12?
True
Is 134394 a multiple of 22?
False
Is 3775115 a multiple of 457?
False
Is 4 a factor of 131539?
False
Does 59 divide 178180?
True
Is 31 a factor of 21861?
False
Is 139738 a multiple of 18?
False
Is 176 a factor of 176827?
False
Is 113520 a multiple of 12?
True
Does 151 divide 17214?
True
Does 45 divide 234090?
True
Is 2016702 a multiple of 18?
True
Is 302 a factor of 2858128?
True
Does 30 divide 7811122?
False
Is 110 a factor of 176000?
True
Is 3847470 a multiple of 11?
True
Is 1319263 a multiple of 121?
True
Is 82892 a multiple of 17?
True
Does 16 divide 186748?
False
Is 1119936 a multiple of 608?
True
Is 104856 a multiple of 17?
True
Is 10192037 a multiple of 13?
False
Does 115 divide 2561855?
True
Does 243 divide 6251904?
True
Is 72 a factor of 387489?
False
Is 123566 a multiple of 31?
True
Is 527 a factor of 13095199?
False
Is 73 a factor of 1642500?
True
Is 19 a factor of 8047149?
False
Is 15 a factor of 148816?
False
Does 102 divide 901634?
False
Is 34259 a multiple of 109?
False
Is 52 a factor of 1425060?
True
Does 22 divide 110621?
False
Does 18 divide 109098?
True
Does 4 divide 21953?
False
Does 548 divide 321029?
False
Is 214 a factor of 207389?
False
Does 1011 divide 540885?
True
Is 12744219 a multiple of 23?
False
Does 198 divide 393426?
True
Is 27 a factor of 1778288?
False
Is 2928105 a multiple of 7?
False
Is 39 a factor of 926601?
True
Does 38 divide 1378291?
False
Is 123534 a multiple of 555?
False
Is 566160 a multiple of 12?
True
Does 69 divide 831634?
False
Is 271946 a multiple of 227?
True
Does 18 divide 189026?
False
Does 8 divide 131692?
False
Does 13 divide 6127863?
False
Does 3 divide 39087?
True
Is 484 a factor of 332207?
False
Does 61 divide 51789?
True
Does 4 divide 35985?
False
Is 527114 a multiple of 32?
False
Does 209 divide 342227?
False
Is 1042833 a multiple of 20?
False
Is 32 a factor of 420576?
True
Is 38 a factor of 170164?
True
Is 533 a factor of 4649089?
False
Does 462 divide 7242478?
False
Does 9 